the thousands digit of o(-76)?
9
Let o(j) = -3*j + 25. Let a(b) = -5*b + 7. Let r be a(-6). Let w = r + -37. What is the units digit of o(w)?
5
Suppose -216 = -4*d - 24. What is the hundreds digit of 9/24 + 13998/d?
2
Let j = -594 - -594. What is the units digit of -3 + 7 + 1170 + j?
4
Let o = 3494 + -1440. What is the hundreds digit of o?
0
Let n(p) = -3*p**2 + 7 - p**3 + 0*p + 4*p - p. Let w be ((-2)/8)/(25/(-15 + 515)). What is the tens digit of n(w)?
4
Suppose -4721 = 6*p + 2641. Let h = -431 - p. What is the units digit of h?
6
What is the tens digit of -1 - (-17844)/3 - 129/43?
4
Let g(c) = 3*c + 1. Let d(f) = -21*f - 6. Let z = -35 + 20. Let o(l) = z*g(l) - 2*d(l). What is the units digit of o(-15)?
2
Suppose 2*h + 0*h - 12 = 0. Let g = h - 30. What is the tens digit of (g/(-16))/(2/152)?
1
Let o = 2375 + -1408. Suppose -17*i + 6887 = -o. What is the tens digit of i?
6
Suppose 0 = -30*d + 37*d - 21. Suppose 3*q = d*k - 819, k + 4*q - 2*q - 264 = 0. What is the tens digit of k?
7
Suppose -81844 = -5*a + 11*i + 9151, -18173 = -a - 3*i. What is the hundreds digit of a?
1
Let u be 3/2 + (-2 - (-1918)/4). Let s = -247 + u. What is the hundreds digit of s?
2
Let u(y) = -8*y. Let v be u(-6). Let o = -44 + v. Suppose 0*j + 312 = o*j. What is the units digit of j?
8
Let k = -44 - -3034. What is the thousands digit of k?
2
Suppose -w - 3*a = 2*a - 20, -15 = 2*w - a. Let r(s) = 3*s**2 - 4*s + 5. Let k be r(w). Suppose 6*i = 4*i + k. What is the tens digit of i?
5
Let o = 137 - 142. Let n be 3650/(-18) + o/(45/2). Let g = n - -467. What is the units digit of g?
4
Let u(c) = -140*c + 237. Let n be u(-24). Let z = n + -1860. What is the units digit of z?
7
Let w(f) = -f**3 + 19*f - 40*f**2 - 1520 + 3*f**3 + 1546. What is the tens digit of w(20)?
0
Let j be (5/2 + -2)*(0 - 0). Suppose j = 12*v - 16*v + 552. What is the units digit of v?
8
Let j(n) = n**2 - 27*n - 236. Let s be j(34). What is the units digit of ((-243)/s - -2)/(13/(-26))?
9
Let u(p) = p**3 + 19*p**2 + 26*p + 144. Let r be u(-18). Suppose -4*x + 4864 = 5*c + 204, -5*c - 2*x + 4660 = r. What is the tens digit of c?
3
Let z = -108 - -108. Let u(h) be the third derivative of -h**6/120 - h**5/60 - h**4/24 + 55*h**3/6 - 23*h**2. What is the tens digit of u(z)?
5
Let v = -17 - -29. Let g(a) be the third derivative of a**5/60 - 5*a**4/12 + 5*a**3/6 - 3*a**2. What is the tens digit of g(v)?
2
Suppose -7*a = a - 32. Suppose -a*d = -9*d + 20. Suppose -d*h = h - 380. What is the tens digit of h?
7
Let o(l) be the third derivative of 0 + 17*l**2 + 0*l + 9*l**3 + 1/24*l**4. What is the tens digit of o(-5)?
4
Let y = 268 + -92. Suppose -y = -p + 108. What is the tens digit of p?
8
Suppose -5*g = -20*g + 1560. Let c = g - 65. Let t = 256 - c. What is the units digit of t?
7
Suppose 0 = 2*p - r - 43963, 2*p - 12081 = -5*r + 31888. What is the thousands digit of p?
1
Let r(q) = 172*q**2 - 29*q + 157. What is the hundreds digit of r(7)?
3
Let u(s) = -510*s + 1297. What is the hundreds digit of u(-27)?
0
Suppose 0*b + 9 = 3*b + 3*i, 0 = -2*b - i + 10. What is the hundreds digit of b/(140/8) - (-15676)/10?
5
Suppose 3*a - 6*a = 5*x - 7, -3*x - 4*a = -2. Suppose -260 - 322 = -x*c. What is the units digit of c?
1
Suppose -17*q = -32800 - 66956. What is the thousands digit of q?
5
Suppose -3*m - 99*y + 115372 = -94*y, 5*y + 5 = 0. What is the hundreds digit of m?
4
Suppose -4*q = 0, 5*q - 20 - 5 = -5*p. Suppose 20 - 5 = -p*d. Let m = d + 51. What is the tens digit of m?
4
Let o(x) be the second derivative of -23*x**3/3 - 231*x**2/2 - 93*x. What is the units digit of o(-7)?
1
Suppose 3*z = -3*v - 1 - 2, 0 = -5*v - 3*z - 13. What is the units digit of 67*14/10 - 1/v?
4
What is the units digit of (-14348)/(-51)*(-75)/(-2)?
0
Suppose 0 = -9*w - 32*w + 13*w + 163940. What is the units digit of w?
5
Let m(z) = -124 + 127 + 28*z**2 - 3*z - z - 7*z**2. What is the tens digit of m(6)?
3
Suppose -15*j + 2*j + 39 = 0. Suppose -5*t - j*c + 2449 = 0, -3*t + 1470 = 5*c - 3*c. What is the units digit of t?
8
Let a = -422 - -1429. Let s = a + -717. What is the hundreds digit of s?
2
Let q be (-96)/9 + (-56)/42. What is the hundreds digit of 542 + (6 + q)/6?
5
Let t = -940 + 935. What is the hundreds digit of t/((-1339)/223 - -6)?
1
Suppose -375 = -6*h - 33. Suppose -6*o - 39 + h = 0. Let t(g) = 30*g - 12. What is the tens digit of t(o)?
7
Let i(m) = -15*m + 2. Let o(f) = -f**3 + 12*f**2 + 19*f - 18. Let w be o(13). Let d = -69 + w. What is the hundreds digit of i(d)?
1
Let l(s) be the second derivative of -s**3/3 + 10*s**2 + 2*s. Let y be l(10). Suppose -183 = -y*q - 3*q + 5*g, -3*g = -9. What is the units digit of q?
6
Let g(b) = 2*b**3 - b**2 - 5*b - 11. Suppose 26 = 9*h - 28. What is the units digit of g(h)?
5
Suppose 2*a + 466 = -78. Let c = -106 - 27. Let n = c - a. What is the tens digit of n?
3
Let w = 47 + -35. Let r(f) = 8*f + 23. Let p be r(-4). What is the units digit of w/8*3/p*-82?
1
Let o(g) be the third derivative of g**4/12 + 3*g**3 - 26*g**2. Let m be o(-7). What is the units digit of (1 - 795/(-9))/(m/6)?
4
Let c be (-7)/3*4/(-14)*138. Let s = -94 + c. What is the hundreds digit of (s/2)/((20/628)/(-5))?
1
Let c(s) be the second derivative of s**5/20 - 5*s**4/4 - 17*s**3/6 + 17*s**2/2 + 16*s. Let g be c(16). What is the hundreds digit of (-1 + -2)*g + 130?
1
Let o = 62314 + -34762. What is the tens digit of o?
5
Suppose -3*k + 61108 = 5*w, -6685 = -w + 2*k + 5534. What is the tens digit of w?
2
Suppose 6*k = -5*d + 5*k + 382970, 3*k = 15. What is the hundreds digit of d?
5
Let x be (-7)/21*0 - (-1157)/1. Let s(u) = -u**3 - 2*u. Let z be s(-2). Suppose o = -z*o + x. What is the units digit of o?
9
Let h(r) = 482*r + 25. Let v be h(5). Suppose 0 = 5*l + u - 231 - v, 20 = -5*u. Suppose -f - l = -3*f. What is the tens digit of f?
6
Let s(d) = d**3 + 9*d**2 + 7*d - 6. Let o be s(-7). Let z = 43 - o. Suppose 4*k = -z*k + 240. What is the units digit of k?
0
Let f(g) = 1101*g**3 - 4*g**2 + 4*g - 11. What is the units digit of f(2)?
9
Let k(w) = -3029*w + 3071*w - 4*w**3 - 11*w**2 - 8 - 9 - 3 + 5*w**3. What is the units digit of k(15)?
0
Suppose -2805 = 6*l - 531. Let u = -87 - l. What is the units digit of u?
2
Let u be (-761)/(-10) - 20/200. Let g = u + -14. What is the units digit of g?
2
Let w(l) = 95*l**3 + 9*l**2 - 12*l - 4. What is the tens digit of w(5)?
3
Let d(w) = -w**3 - 10*w**2 + 17*w + 22. Let c be d(-11). Let m be c/(-8) - 9/6. Let i(n) = 3*n**3 - 7*n**2 + 5*n - 1. What is the tens digit of i(m)?
9
Let u(h) = -9*h**2 - 7*h + 3. Let a(z) = -z**3 + 3*z**2 + 4*z - 4. Let g be a(4). Let r be u(g). Let d = r + 123. What is the tens digit of d?
1
Let z = -53 - -53. Suppose 4*q - 12*q + 24 = z. What is the units digit of q*76/6 - -3?
1
Let n = 7 + 28. Let p = 438 - 379. Let v = p + n. What is the tens digit of v?
9
Suppose i - 250 = -4*i. Let c = -31 + i. Suppose -246 + c = -3*r + d, 5*r = 4*d + 369. What is the tens digit of r?
7
Let f(i) = 305*i + 1653. Let h be f(-5). Let d(z) = z**3 + 2*z**2 + 2*z - 2. Let p be d(-2). What is the tens digit of h/1 + (-5 - (p - -3))?
2
What is the tens digit of (10536 - 7)*2 + 11?
6
Suppose t + 17 = 2*h, 2*t - 3*t + 39 = 5*h. Let w(b) = 56*b + 5. What is the hundreds digit of w(h)?
4
Let r = 133 - 77. Suppose h + 8*p - 5*p - 24 = 0, r = 5*h - p. What is the units digit of (-188)/(-1) - (h - 12)?
8
Let w(s) = -21*s - 37. Let i be w(-2). Suppose -i*n - 4*y = -1740, 2*n - 4*y = -9*y + 713. What is the tens digit of n?
4
Suppose -x + 4*f - 3*f = 0, 4*f = -4*x + 24. Suppose x*a = 4*a - 3. What is the hundreds digit of (-2814)/(-18) - a/9?
1
Let s(v) = 560*v - 148. What is the tens digit of s(11)?
1
Let q(o) = o**3 - 9*o**2 - 27*o + 38. Let t = -67 + 81. What is the tens digit of q(t)?
4
Suppose -4*c + h = -8 - 4, 0 = c + 5*h - 24. Suppose 0 = -3*f - 2*f + 20, 0 = 3*r + c*f + 7436. What is the tens digit of (-2)/6*r/12?
6
What is the thousands digit of 681*(-8166)/(-90) - 66/(-110)?
1
Suppose 26*a - 2418 = -104. Let z = a + 377. What is the tens digit of z?
6
Let a = -127 - -131. Suppose -a*g - 2*p = -52, 2*g - g - p = 10. What is the tens digit of (1743/g - 5) + 1/(-4)?
4
Suppose o - 142 - 352 = 0. Let f(c) = -2*c**3 + 49*c**2 - 58*c + 10. Let h be f(23). Let x = o - h. 